5)/((-4)/234). Suppose 0 = -4*h + m + 69. What are the prime factors of h?
3
Let u = 105 - 57. List the prime factors of u.
2, 3
Suppose w = -2*w + 63. Suppose -4*b + w = -3*b. What are the prime factors of b?
3, 7
Let r(k) = -k**3 + 9*k**2 + k - 9. Let m(q) = q**2 - q - 1. Let c(x) = 4*m(x) - r(x). Let a be c(6). Let z = a - -1. What are the prime factors of z?
2, 3
Let v(c) = -31*c**3 - c**2 - c - 1. Let a be v(-1). Let p = a + -18. Suppose -3*g = -p - 27. List the prime factors of g.
13
Let w = 1 + -1. Suppose 0 = -2*k - 6, -6*k - 3 = r - 3*k. Let p = w + r. List the prime factors of p.
2, 3
Let p = 51 + 39. List the prime factors of p.
2, 3, 5
Let j = 128 + -77. What are the prime factors of j?
3, 17
Suppose -12 - 125 = -3*v - w, -5*v + 215 = -5*w. What are the prime factors of v?
3, 5
Let i(y) = 4*y + 1. What are the prime factors of i(8)?
3, 11
Let n be 0/(-3 + (-8)/(-4)). Suppose -z + 2*m + 72 = 3*z, n = -3*m - 12. What are the prime factors of z?
2
Suppose -q + 54 = q. Suppose 25 = 4*u - q. What are the prime factors of u?
13
Let d = -49 + 141. Let p be 2/(-6) + d/(-12). Let j = 20 + p. What are the prime factors of j?
2, 3
Suppose 4*d - 201 = -5*u, -4*d + 152 = -d + 4*u. List the prime factors of d.
2, 11
Suppose 0 = -0*d + 2*d - 4. Suppose -l + 3*z + d*z + 25 = 0, -5*l - 5*z = -65. What are the prime factors of l?
3, 5
Let v be 2*-2*19/(-4). Suppose -4 - v = -q. List the prime factors of q.
23
Let g = 23 - 6. What are the prime factors of g?
17
List the prime factors of (-2)/3 - 1016/(-12).
2, 3, 7
Suppose -v = -3*l - 39, v + 2*v = -2*l + 95. What are the prime factors of v?
3, 11
Let y be 3/(-2)*(-11 + 7). Suppose 4*b = y*b - 24. What are the prime factors of b?
2, 3
Suppose 0 = -0*y + 3*y - 9. Suppose t + 0*t = y. Suppose -5*a + 0*c = 2*c - 2, -t*a + c = -10. List the prime factors of a.
2
Let x(s) = 18*s**2 + 4*s - 3. List the prime factors of x(2).
7, 11
Suppose -3*b + 12 = 3. Let f = b + -5. Let g = f - -16. What are the prime factors of g?
2, 7
Let a(p) = 4*p - 8 - 5 - 2*p + 1. What are the prime factors of a(13)?
2, 7
Let z = -9 + 5. Let j = z + 25. Let c = j + -13. List the prime factors of c.
2
Suppose 4*l = 3*x - 20, x - 13 = 3*l - 3. What are the prime factors of x/(-14) - 1095/(-35)?
31
Let m(z) = z**2 + 4*z - 15. List the prime factors of m(-7).
2, 3
What are the prime factors of (-2)/6 - 254/(-6)?
2, 3, 7
Suppose -5*b + 1 = -0*v + 3*v, 0 = 3*b + 3. Let f be 0/(2/(-1) + 3). Suppose f = -v*n + 6 + 28. List the prime factors of n.
17
Let p be -1 + -1*(-2 - -1). Let k be -1 + p/(-1) + 6. What are the prime factors of 2*(1 - 2) + k?
3
Let d(k) be the third derivative of 7*k**5/60 - k**4/6 + k**3/2 + 4*k**2. Let j be d(2). Suppose -29 = -b + 5*s, -j = -b + 3*s - 4. List the prime factors of b.
2
Let n(g) be the second derivative of -g**5/20 + g**4/2 - g**3/3 - g**2/2 - 3*g. List the prime factors of n(3).
2, 5
Suppose -4 = -0*o - o. Suppose -o*r = r - 10. Suppose b + 7 = -2*z - r*b, z + 1 = -b. List the prime factors of z.
2
Let m(k) = -k**2 - 5*k - 4. Let j be m(-4). Suppose j*f - 5*f = -25. Suppose -f*t = -7*t + 16. What are the prime factors of t?
2
Let u = -2 - -5. List the prime factors of u.
3
Let v be (-1)/(0 - -3)*-33. Let h(o) = o**2 + o + 4. Let f be h(0). Suppose -f*u = -v + 3. List the prime factors of u.
2
Let c = -13 + 9. Let o = c - -9. What are the prime factors of o?
5
Let j(h) = 45*h - 3. Let o be j(2). Suppose -o - 68 = -5*l. What are the prime factors of l?
31
Suppose -203 = -5*h + a, 0*a - a - 123 = -3*h. What are the prime factors of h?
2, 5
Let u(c) = 200*c**2 - 3*c - 2. List the prime factors of u(-1).
3, 67
Suppose -2*l + 141 = l. What are the prime factors of l?
47
Let u be 3*(4/6 - 0). Suppose -5*s + 65 = 2*v + 14, -u*v = -5*s - 1. List the prime factors of v.
13
Suppose -8*z + 16 = -4*z. Suppose -z*n + 3*h + 4 + 15 = 0, 2*h = -4*n + 14. Suppose n*p = -p + 45. List the prime factors of p.
3
Suppose -4*u = -7*u. Suppose u = n - 5*h - 8, h - 3*h = 0. Let j = -3 + n. List the prime factors of j.
5
Let o(q) = 3*q - 12. Suppose -5*c + 4*c = 5. Let m = c - -13. What are the prime factors of o(m)?
2, 3
Suppose -2*p - 2*p = 136. Let h = p - -58. List the prime factors of h.
2, 3
Let n be (-1038)/(-42) + (-2)/(-7). Suppose 20 = -4*w + 3*t + 77, -5*t + n = 0. What are the prime factors of w?
2, 3
Suppose -a = 3*a - 16. Suppose -a*p + 48 = -2*t, -3*p + 2*t + 42 = -t. What are the prime factors of p?
2, 5
Suppose 5*u = 2*x - 2, 0*u - u = 3*x - 3. Let o be -1 + 1 + (5 - 0). Suppose u = -o*a + 24 + 6. List the prime factors of a.
2, 3
Let y be (2 - 2) + (2 - 1). Let f = y + 1. List the prime factors of f.
2
Let d be (-16)/(-10)*15/6. Let c(i) = i**3 - 3*i**2 - 2*i - 5. What are the prime factors of c(d)?
3
Suppose 0*a = 5*i - a + 7, -8 = 2*i - 3*a. Let h be (0 - -2) + i + 2. Suppose 3*b - 23 = -5*z - h, -3*b - 22 = -z. What are the prime factors of z?
7
Suppose 3*b + 41 = 5*w, -5*w - 3*b - 2*b = -65. List the prime factors of w.
2, 5
Let i = 258 - 123. List the prime factors of i.
3, 5
Suppose 5*f + 4*s = -20, -2*f - s = 9 - 1. Let p be 24/9*(-6)/f. Suppose g + 5 - 11 = -3*a, -p*a = -4*g + 24. List the prime factors of g.
2, 3
Suppose 7 = 5*r - 18. Suppose -r*t + 0*t - 2*u + 18 = 0, 5*t - 4*u = 24. List the prime factors of t.
2
Let y(g) = g**2 + 14*g + 3. Let b be y(-15). Suppose 3*m - 6 = 0, h - 5*h - 32 = -4*m. List the prime factors of 60/b - 4/h.
2
List the prime factors of 2/13 - 7354/(-26).
283
Suppose 0 = 2*r - 0 + 10. What are the prime factors of ((-50)/4)/(r/10)?
5
Let i(j) = 2*j**3 - 4*j**2 - 3*j - 4. Let k be i(3). Let c be (-2)/(-3) - (-10)/3. Suppose k*a - 75 = -2*o, 9*o - 4*o = -c*a + 60. List the prime factors of a.
3, 5
Let d = 63 - 45. Let j = 2 - 10. Let c = j + d. List the prime factors of c.
2, 5
Let k be (-5083)/(-119) - (-2)/7. List the prime factors of 2 + (k - 3) + -1.
41
Let t be (-7)/(-2)*(-4)/2. Suppose 1 = -4*b - l - 52, 36 = -3*b - 2*l. What are the prime factors of (-94)/b - 2/t?
7
Let d = 11 + -7. Suppose r + d = 2*r. What are the prime factors of r?
2
What are the prime factors of 32 - (3 + (-3 - -3))?
29
Let p(y) = -y**3 + y**2 - 2*y + 3. What are the prime factors of p(-3)?
3, 5
Let b = -100 - -71. Let f = b - -49. What are the prime factors of f?
2, 5
Suppose -5*f = -5*t + 10, -3*f + 0*f - 5*t = -34. Let h(i) = 5*i - 4. List the prime factors of h(f).
11
Let b be -3 - (1 + 2 + -9). What are the prime factors of (2 + 2 - b)*8?
2
Let d(g) = g - 3. Let j = 18 - 25. Let l be d(j). Let s = l - -14. List the prime factors of s.
2
Suppose -4*k + 3*p - 14 = p, k - 4*p = -14. Let h = -2 - k. Let c = h + 5. What are the prime factors of c?
5
Let l(w) = w + 13. Let b be l(0). Let n = 33 - b. What are the prime factors of n?
2, 5
Suppose -3*r = r - 4. Let h(i) = -r + 4*i + 4 - 4 - 1. What are the prime factors of h(4)?
2, 7
List the prime factors of 0/(-4 - -2) + 13.
13
Let u be ((-78)/10)/((-6)/(-30)). What are the prime factors of (-4)/(-6) - u/9?
5
List the prime factors of (-214)/(-4) - 7/(-14).
2, 3
Suppose -3*w + 0*w - 528 = -3*r, -532 = -3*r + 4*w. List the prime factors of r.
2, 43
Let q = 331 - 69. What are the prime factors of q?
2, 131
Suppose -m + 4 + 6 = 2*s, 0 = -5*m + 3*s - 15. Suppose -19 = -m*b - b. List the prime factors of b.
19
Let k = -32 + 33. Let y be ((-7)/(-2))/((-1)/(-2)). List the prime factors of y*1 + (k - 1).
7
Let z(s) = -2*s**3 + 2*s**2 + 2*s + 4. Let j be z(-3). Suppose 5*r - 4*o - 35 = 0, 5*r = -0*o - 3*o + j. List the prime factors of r.
11
Let n(k) be the first derivative of -9*k**4/4 - k**3/3 - k**2 - k + 2. Let p(z) = -z + 3. Let s be p(4). What are the prime factors of n(s)?
3
Let w(s) = -s + 1. Let v be w(4). What are the prime factors of 3 + -2 + v + 23?
3, 7
Let j = -3 - -30. What are the prime factors of (-86)/(-18) + 6/j?
5
Let g(j) = j**2 - 5*j + 12. What are the prime factors of g(-9)?
2, 3, 23
Let c be (17/(-2))/((-1)/2). Let h be (-5)/(-2)*(-24)/(-10). Let t = c - h. List the prime factors of t.
11
Let c = -16 - -77. List the prime factors of c.
61
List the prime factors of ((-10)/(-15))/(1/15).
2, 5
Let k(s) = -9*s**2 + s + s**2 + 13*s**2. List the prime factors of k(-2).
2, 3
Let z(n) = n**3 + 5*n**2 + 5*n + 6. Let f be z(-4). Suppose